 Let i(k) = -k**2 + 3*k - 1. Let b be i(2). Let u be -2 + (1/b - -1). Give w(u).
5
Suppose 5*d - 4 = 6. Let o(s) = -1 + 1 - 6 + 5 - 3*s + 0 - s**d. What is o(-4)?
-5
Suppose 114*n - 886 = -202. Let c(j) be the first derivative of -j**4/4 + 2*j**3 + j**2/2 - 7*j - 1. What is c(n)?
-1
Let i(x) = -x. Let f = -2305 + 2375. Suppose -3*k - 2*o + 1216 = 0, 0 = k + 3*k - 5*o - 1629. Let z be 9/5 + -1 - k/f. Give i(z).
5
Suppose -14*m - 55 = -15*m. Let c = m - 53. Let o(a) = c*a + 1628 - 1627 + 0*a**2 - 4*a**2. Calculate o(-1).
-5
Let g = 85 + -83. Suppose -4*h + h - 5*m - 11 = 0, -g*h = 4*m + 10. Suppose -o - h*o - 24 = 0. Let x(f) = f**2 + 5*f + 8. Give x(o).
14
Let f = -10 + 43. Let d = f - 34. Let z(k) = -11*k - 1. Let w(m) = -13*m - 1. Let u(l) = -6*w(l) + 7*z(l). Calculate u(d).
-2
Let v(f) = -7*f - 12. Let k(y) = y**2 + 55*y + 602. Let n be k(-40). Give v(n).
-26
Let j = -34 - -37. Suppose 4*u + 2*v + 2 = -16, v + 12 = -j*u. Let m(i) = -i**3 - 3*i**2 + 3*i + 3. Give m(u).
-6
Let x(v) = -5*v**2 + 1. Suppose -6*o = -35 - 37. Suppose -3 = -3*z + o. Suppose 11 - 21 = -z*j. What is x(j)?
-19
Let c = 2 - 2. Let t(d) = 4*d - 7 + 13*d - 4 - 11*d - 8*d + 1. Give t(c).
-10
Let w = 1 - -5. Let n(i) = -i + 2. Let k(d) = d**2 - d + 2. Let c(u) = 2*u**2 + u + 11. Let l(o) = c(o) - 3*k(o). Let a(x) = -l(x) + 3*n(x). What is a(w)?
-5
Let q(j) = -71*j**2 - 79*j**2 + 223*j**2 - 70 - 31*j - 75*j**2. Determine q(-12).
14
Let q(h) = 6*h**3 - h + 9. Let d(w) = w**3 + w**2 + 1. Let f(s) = 5*d(s) - q(s). Let a be (-7)/((-1589)/42 - -39)*3/(18/(-4)). Give f(a).
16
Suppose -2*t - 16 = -4. Let i be 5 - (3 + 1*t). Let f(n) be the first derivative of -n**4/4 + 8*n**3/3 + n**2/2 + 2*n - 1049. Give f(i).
10
Suppose -40*z = -283 + 3. Let n(x) = x**3 - 7*x**2 + 4*x - 13. Determine n(z).
15
Suppose -48*p = -51*p + 72. Suppose l - 7*l = -p. Suppose -3*s + 2 = -l*b, 0*b + 3*b + s + 8 = 0. Let y(i) = -2*i - 1. What is y(b)?
3
Let i be 24*(-4 + 6/((-72)/28)). Let f = -156 - i. Let k(n) = -n**3 - 3*n**2 + 2*n - 4. Calculate k(f).
4
Let n(t) = -4*t**2 + 17*t + 22. Let q be n(-1). Let r(f) = 4*f**3 + f**2 + 3*f**3 + 1 - 2*f + 0*f. Give r(q).
7
Let c(q) be the second derivative of q**5/20 + q**4/6 + q**3/6 - 2*q. Let d be (-3)/6*-2*620/10. Let n = -63 + d. Determine c(n).
0
Let w(j) = -6*j**2 + 2*j + 16. Let o be w(2). Let v(l) be the first derivative of -l**3/3 + 2*l - 2. Let f(g) be the first derivative of v(g). What is f(o)?
8
Let u(x) = 24*x + 149. Let a be (909/(-202))/(6/8). Determine u(a).
5
Let q(d) = -3*d**3 + 117*d**2 + 3. Let g be q(39). Let o(i) = i**3 - 7*i**2 + 3*i - 3. Determine o(g).
-30
Let x(j) = 28*j**2 + 3*j + 4. Suppose 374*n - 394*n - 20 = 0. Give x(n).
29
Suppose -4*v = -s - 20, -32*v - 3*s - 5 = -33*v. Let k(a) = 7 + 7 + v*a - 23 + 12. Determine k(3).
18
Let b(x) be the third derivative of -5*x**3 + 0 - 1/8*x**4 + 0*x + 184*x**2. Determine b(-12).
6
Let c be 4*2*21/42. Let p(v) = 3*v - c*v - v + 32. Let h be p(17). Let k(d) = d**2 + 2. What is k(h)?
6
Suppose 4*c = 3*l - 5*l + 160, -3*l = 5*c - 202. Let u(d) = -d**2 + 38*d + 27. Give u(c).
27
Let d(n) = 14*n**2 + n. Let h(r) = r**2 + 2*r + 1. Let j(x) = x**2 + 17*x + 4. Let b be j(-17). Suppose 0 = b*s + 2 - 2. Let q be h(s). Calculate d(q).
15
Let d(u) be the second derivative of -1/2*u**3 + 1/24*u**4 - 11/2*u**2 + 0 - 19*u. Let p(m) be the first derivative of d(m). Determine p(4).
1
Let g(h) = h**2 + 24*h + 102. Suppose -556*k = 559*k - 1117*k - 38. What is g(k)?
7
Let o(l) be the third derivative of l**4/4 + 2*l**3/3 - 2*l**2 + 583*l. Let t = 14 + -10. What is o(t)?
28
Let j = -120 + 122. Let n(x) = 18*x - 28. Let p be n(j). Let q(l) = -4*l**2 - 34*l + 37. Let u(t) = -t**2 - 11*t + 12. Let y(g) = -2*q(g) + 7*u(g). Give y(p).
2
Let r = 13 - 8. Let f(u) = 7*u**3 + u**2 - 7*u - 1. Let n(m) = 2*m**3 - m**2 - m - 1. Let t(x) = -f(x) + 4*n(x). What is t(r)?
12
Let z(m) = -21*m - 13. Let h = 5318 - 5322. Determine z(h).
71
Let m be 0/(112/(-728) + (-82)/(-26)). Let y(d) be the second derivative of 17*d + 1/2*d**4 - 3*d**2 + 7/6*d**3 - 1/20*d**5 + m. Determine y(7).
-6
Suppose 41*t = -174 - 523. Let h(w) = w**3 + 18*w**2 + 16*w - 11. What is h(t)?
6
Let s(n) = n**3 - 8*n**2 + 6*n - 12. Let m be (-9)/(11/((-352)/48)). Calculate s(m).
-48
Let w(y) = -y**2 + 6*y - 400. Let r(n) = n + 131. Let v(l) = -3*r(l) - w(l). Calculate v(9).
7
Suppose 132 = 16*k - 60. Let s(i) = -3*i**2 + 35*i + 11. Let h be s(k). Let q(l) = -28*l**2 + 1. Determine q(h).
-27
Let y(m) = m**2 - 6*m + 1. Suppose 36*j - 168 = 15*j. Suppose 33 - 1 = j*x. Give y(x).
-7
Let k(x) = -2*x - 2. Suppose 5*b - 2*y + 29 = 0, 0*b - 2 = 2*b - 4*y. Let o(l) = -3*l - 3. Let p(z) = b*k(z) + 3*o(z). Determine p(5).
30
Let n(s) = s**3 - s**2 - s + 1. Let t(z) be the third derivative of 7*z**6/120 - z**5/20 - z**4/4 + 5*z**3/6 + 29*z**2. Let q(i) = 4*n(i) - t(i). What is q(1)?
-3
Let a(i) = 15*i**2 - 26*i - 13. Let h(z) = -7*z**2 + 12*z + 5. Let n(y) = 6*a(y) + 13*h(y). Let c(o) = o**2 + o + 16. Let t(l) = 2*c(l) + 3*n(l). Give t(5).
-22
Let f(b) = b**3 + 7*b**2 - b - 8. Let d = -13 - -15. Suppose d*o - 41 - 15 = 0. Suppose 6*r = 2*r - o. What is f(r)?
-1
Let m(a) = 23*a + 169. Suppose 3*h + 54 = 5*l + 68, 4*l + 4*h = -56. Give m(l).
8
Let p(g) = 4*g**2 - 2*g - 1. Let m(s) = -s**2 - 3*s + 8. Let y(a) = 3*m(a) + p(a). What is y(8)?
-1
Suppose 0 = 4*n - 6*n + 6. Let q(w) = -12*w + 9 - 12*w**2 + 2*w**2 + n + w**3. Let b(z) = 17*z + 130. Let j be b(-7). What is q(j)?
1
Let r = 7716 - 7715. Let b(n) = -90*n**3 - 2*n**2 + 1. Give b(r).
-91
Let a(d) = -d**3 - d**2 - 25. Suppose -4*y = -w - 2*y + 6, -11 = -3*w - y. Let k(m) = -m**2 + 16. Let r be k(w). Calculate a(r).
-25
Let o(k) = k**3 + k**2 - 2*k - 1. Let d(n) be the first derivative of 1/3*n**3 + 3*n + 2 + 5/2*n**2. Let z be d(-4). Determine o(z).
1
Let j(f) be the second derivative of 28*f + 2/3*f**4 - 11/6*f**3 + 3*f**2 - 1/20*f**5 + 0. Let y = 21 - 14. Calculate j(y).
-22
Suppose 24*c - 34*c + 40 = 0. Let d = 20 - 15. Let o(m) = -14*m + d*m + m + 5 + 4*m. Give o(c).
-11
Let s(i) = i + 7. Let w = -277 - -319. Let z be (w/84)/(2/(-40)). Determine s(z).
-3
Let y(z) = z**3 + 12*z**2 + 14*z - 2. Suppose 3*q - 374 = -0*q + 37*q. Give y(q).
-35
Suppose -4*k + 2*h + 54 = 0, -23 - 46 = -5*k + 3*h. Let m be (-3)/(-3) + -2 + 16. Let u be (-84)/m - k/30. Let d(y) = y**2 + 6*y - 2. Determine d(u).
-2
Let q(h) = h**3 - 4*h**2 + h + 4. Let n(i) = -i**3 + 31*i**2 - 31*i + 34. Let c(m) = -m**3 + 18*m**2 + 2*m - 6. Let j be c(18). Let z be n(j). Calculate q(z).
8
Let h(d) = -3*d + 1. Let s(g) = -2*g**3 + 9*g**2 - 9*g + 1. Let r be s(2). Suppose -37 = -r*u - 40. What is h(u)?
4
Let f(a) = -10*a. Let k = 228 - 225. Suppose -2*g + 4 = -y + k, -2*y = -5*g + 3. Determine f(y).
-10
Let o(b) = -2*b**3 - 6*b**2 + 8*b + 12. Let h be o(-4). Suppose -h*d + 83 = -13. Let f(t) = -t**2 + 8*t + 3. Determine f(d).
3
Let p(r) be the second derivative of 0 + 4*r - 11/24*r**4 - 1/6*r**3 - 11/2*r**2. Let o(z) be the first derivative of p(z). Determine o(-1).
10
Let d(p) = 8*p - 31. Let g be d(4). Let v be (-1 + g + -1)*-3. Let j(z) = -6 + 5 - 2*z + v. What is j(-3)?
8
Let l = 246 - 244. Let t(q) = -33*q + q**3 + 89*q - 4*q**l - 33*q - 30*q. Determine t(5).
-10
Let q(v) = v**3 + 12*v**2 + 4*v + 10. Let d(y) = -9*y**2 + 3*y + 18. Let s be d(2). Calculate q(s).
-38
Let f(w) be the second derivative of -1/24*w**4 - 14*w + 5/2*w**2 + 0 + 0*w**3. Let k(o) be the first derivative of f(o). Calculate k(-8).
8
Suppose 5*s + l = 7, -l + 5*l + 2 = -5*s. Let f(v) = -9*v - v**s + 10 - 8*v + 28*v - 2*v. Calculate f(10).
0
Let g(h) = 3*h + 2. Let u be ((-7)/((-42)/4))/(2/93). Let q = -28 + u. Suppose 0 = -0*b + 3*b + 3*p - 24, -q*p = -2*b - 9. Determine g(b).
11
Let v(m) = 4*m + 2. Let k(g) = -g - 2. Let d(y) = y + 3. Let x(q) = -2*d(q) - 3*k(q). Let t(a) = v(a) - 6*x(a). Let w be 59 - 79 - (-17)/1. Calculate t(w).
8
Let j(u) = -u + 1 - 2 + 0*u + u**2. Suppose 40*p + 0 = 28 + 52. Give j(p).
1
Let r(v) be the second derivative of 5*v**4/6 + 3*v**3 + v**2 + 984*v + 6. Give r(-4).
90
Let o(y) = 2*y + 8. Let j = -57 + 347. Suppose -j = 36*i - 74. Calculate o(i).
-4
Let y(a) = -13*a**2 - 13*a - 4. Let i(u) = u**3 - 5*u**2 + 2*u + 2. Let m be i(4). Let j(k) = -11*k**2 - 12*